 units digit of -2*2/6 - (645590/(-66) + 7)?
4
Suppose c = 2, -2*c - 4 = -4*p - 0*c. Suppose -8*w + 7090 = p*w. What is the tens digit of w?
0
Let u = -95 - -126. What is the hundreds digit of (-4)/6*u*(-42)/7?
1
Let i(o) = 17*o**2 + 327*o - 18. Let f(n) = 11*n**2 + 218*n - 12. Let t(x) = -7*f(x) + 5*i(x). What is the tens digit of t(-17)?
5
Let l(z) = 466*z - 3830. What is the tens digit of l(15)?
6
Suppose 21*o - 27085 = 133124. What is the hundreds digit of o?
6
Let x(q) = q**3 + 4*q**2 - 3*q + 5. Let o be x(-4). Let c = 20 - o. Suppose c*h - 99 = 2*h. What is the units digit of h?
9
Let n(a) = -a**2 - 3*a + 9. Suppose -3*f + 1 - 13 = 0. Let q be n(f). Suppose -q*x + 339 = -2*p, -4*x + 411 = -p + 138. What is the tens digit of x?
6
Suppose -59*w = -4*w - 275. Let t(u) = 14*u**2 - u. Let p be t(2). Suppose -p = -q + f, -3*f - 20 + w = 0. What is the units digit of q?
9
Let g(j) = 36*j - 104. Let l be g(3). What is the units digit of (-1)/1 - (10 + -1658)/l?
1
What is the units digit of ((-10408)/136*-4 - 6/51) + -1?
5
Suppose -15*l + 1119442 = 433372. What is the units digit of l?
8
Let k = -233 + 242. Suppose 0 = p - 4*q + k*q - 357, 0 = 3*p - 2*q - 1139. What is the tens digit of p?
7
Suppose k = u - 24151, -1020*u + 1019*u = 4*k - 24146. What is the hundreds digit of u?
1
Let g(y) be the second derivative of 9*y + 0 + 1/6*y**4 - 11/2*y**2 - y**3. What is the units digit of g(9)?
7
Let y = 45728 + -7608. What is the hundreds digit of y?
1
Suppose 65*o = 52635 + 527165. What is the units digit of o?
0
Let d be 203684/156 + (-2)/(-6). Suppose 4*r + d = 3442. What is the hundreds digit of r?
5
Let u(z) = -3*z**3 - 7*z**2 - 23*z - 29. Suppose -20*b - 143 = -43. What is the tens digit of u(b)?
8
Suppose -5*n = -5*i + 1490, -2*n + 275 = i - 23. Suppose -3*k = 6*x - x - i, -5*k + 5 = 0. Suppose -x = -5*a - v, 0 = 2*v + 4 - 2. What is the tens digit of a?
1
Let b = -2270 - -4240. Suppose 8*y = 13*y - b. What is the units digit of (-4)/16 + y/8 + 1?
0
Let k(v) = 17*v**2 - v + 2. Let w be k(1). Let h be (-4)/(-6) + (60/w)/(-2). What is the units digit of (4 - (21 + 2))/(h/4)?
6
Suppose -459*b + 425*b = -1206898. What is the thousands digit of b?
5
Let v(z) = -6*z**2 - 3*z - 4. Suppose 2 = k - 2. Let u be v(k). Let w = -70 - u. What is the units digit of w?
2
Let b = -12028 + 20659. What is the tens digit of b/36 - (-3)/(-4)?
3
Let n(w) = 94*w**2 - w - 2. Let m be n(-5). Suppose m + 5811 = 26*s. What is the tens digit of s?
1
Let l = -178 + 188. Let c(r) = 2*r**2 + 9*r - 11. What is the tens digit of c(l)?
7
Suppose -121*u + 2382714 = -3719711 + 1027322. What is the units digit of u?
3
Let g be ((-335)/20)/(2/(-16)). Suppose m = 55 + g. What is the units digit of -15*-1*1*m/45?
3
Suppose 4*s - 2170 = -5*n, -n + 563 - 135 = 2*s. Suppose q + 22 = n. What is the tens digit of q?
1
What is the thousands digit of 82*(375/(-75) + 179/2)?
6
Suppose 46*m - 6 = 47*m, -z + 4*m + 41704 = 0. What is the ten thousands digit of z?
4
Suppose -8*q = -98182 - 6538. What is the hundreds digit of q?
0
Suppose 2*v + 12 = 0, -3*k = -5*v + 8*v - 186. What is the units digit of k?
8
Let n be ((-4)/12)/((-11)/33). What is the tens digit of -2*(-47 + 1) - (-3 - n)?
9
Let c = -384 + 655. Let x be 807/12*1*4. Suppose 0 = 4*j - x - c. What is the units digit of j?
5
Let k(t) = 2*t**2 + 47*t - 32. Let h be k(-24). What is the hundreds digit of 2022/(-4)*(96/6)/h?
0
Suppose -1 = -2*m + 1, -4*k + m + 1807 = 0. Let x be k + (2 + -1)*-5. Suppose 0 = 2*h + g - x, 3*g = 3*h + 8*g - 667. What is the hundreds digit of h?
2
Suppose 0 = 5*f + 4*g + 30, 4*g = -2*f - 3 - 9. What is the tens digit of -67*(0 - 4/(-12))*f?
3
Suppose 14*c = 1231 + 3445. Suppose 2*y + 5*x - 6 = 0, -3*y - x + 2*x = -9. Suppose -112 = -w - 2*u + 16, -y*w = -4*u - c. What is the units digit of w?
8
Let w = 183907 - 111354. What is the units digit of w?
3
Let r be 23/4 + 3*(-5)/20. Suppose i + r*d = -0*i - 12, -4*i = -4*d. What is the units digit of i - -5 - (-2)/2?
4
Suppose 0 = -6*c + 7*c - 3. Let v(a) = -4*a**c - 3*a**2 - 1 + 7*a**2 + 3*a**2 - 4*a**2 + 2*a. What is the hundreds digit of v(-3)?
1
Let p(a) = 164*a**2 + 136*a + 1149. What is the hundreds digit of p(-8)?
5
Let b be 4/(-15 - 1) - (-57)/4. Suppose -26*a + b*a = -804. What is the units digit of a?
7
Suppose 0 = 2*z + 2*y - 7936, -32*z + 34*z - y = 7930. What is the tens digit of z?
6
Let f(d) = 86*d**2 - 11*d - 4. Let p(n) = 4*n**2 - 15*n - 8. Let c be p(4). What is the thousands digit of f(c)?
1
Let k(v) = -54*v - 100. Let q be (-78)/273 - 40/7. What is the units digit of k(q)?
4
Let q(r) = -2*r**3 + 2*r. Suppose -2*o - 6 = -30. Let t = o - 15. What is the units digit of q(t)?
8
Suppose 3*c - 12 = 4*w + 7*c, 2*c + 2 = 2*w. Let h be (1*(-2 + w))/((-18)/3036). Let l = h + -361. What is the hundreds digit of l?
1
Suppose 0 = -28*y + 5126 + 78482. Suppose 15229 - y = 21*n. What is the tens digit of n?
8
Let u(s) = 2*s**2 - 4*s - 22. Suppose -4*m + 7*l + 39 = 2*l, 2*l = -m. What is the tens digit of u(m)?
2
Let f = 8719 - 4967. What is the tens digit of f?
5
What is the hundreds digit of (23 - 7774/6)/((-8)/180)?
6
What is the tens digit of (-14866)/(-4) + (-14)/(-35)*60/(-16)?
1
Suppose -80*n = 3*p - 81*n - 360, -4*n - 12 = 0. Suppose -5*j + 15 + 15 = 0. Suppose j*l - 869 = -p. What is the tens digit of l?
2
Let f(u) be the second derivative of 161*u**4/4 - 7*u**3/6 - u**2 - 98*u. What is the units digit of f(-1)?
8
Let f(s) = s**3 + 6*s**2 + 7*s - 2. Let l be 12/(-4)*(-1 - -2). Let p be f(l). Suppose -2*z + p = 0, -3*z - 290 - 313 = -3*j. What is the units digit of j?
3
Let w be (-46 + -1)/((-3757)/416 + 9). Suppose j = v - 4*j - 1508, w = v - 3*j. What is the units digit of v?
8
Let q(o) = 128*o + 175. Let j(l) = 130*l + 174. Let g(w) = 2*j(w) - 3*q(w). What is the tens digit of g(-9)?
3
Suppose -5*h + 0*h + 0*s = -5*s - 86815, -5*s = 0. What is the hundreds digit of h?
3
Let h be 10/4*(-6)/30*-536. Suppose 0 = -h*r + 270*r - 490. What is the tens digit of r?
4
Suppose -28*f = -29*f - 5*x + 1161, 4*f + 3*x = 4559. What is the units digit of f?
6
Let t = -487 + 1777. Suppose t = 5*y + 3*p, y + 2*p - 773 = -2*y. What is the units digit of y?
1
Suppose -5*j = -3*m - 49, 3*j + 20 = 2*m + 51. Let n(p) = -5*p**3 - 15*p**2 + 26. What is the hundreds digit of n(m)?
6
What is the thousands digit of -10 + (3620 - (6 + -18))?
3
Let k(h) = h**3 + 7*h**2 - 21*h - 4. Let i be k(4). Let m = i - -317. What is the units digit of m?
5
Let l = 100000 + -58879. What is the thousands digit of l?
1
What is the hundreds digit of ((-75)/30)/((-420924)/(-52616) - 8)?
8
Let i = 359 - 355. Suppose i*r - 3574 = -2*m, 3*r - 1387 = -m + 1295. What is the tens digit of r?
9
Suppose 9162 + 19000 = 2*g + 2*k, -4*k = 4. What is the tens digit of g?
8
Let c be (16/20)/(4/10). Suppose -3*r + 9 = 2*k, 4*r - 12 = 18*k - 23*k. Suppose 110 = c*i - k*i. What is the tens digit of i?
5
Let z = 36909 + 10159. What is the ten thousands digit of z?
4
Let r be (-2)/(-10) + (-5316)/(-20). Suppose 53*w = 12*w + 205. Suppose -124 = -2*x + 6*q - 2*q, -w*x - q = -r. What is the tens digit of x?
5
Let u(f) = 4*f + 3. Let r be u(6). Suppose 3*d + 24 = 3*p, -p + 4 = -4*d - 13. Suppose -r = p*l - 6*l. What is the tens digit of l?
2
Suppose -5*f - 4876 = -28*f. Let m(i) = i**3 - 4*i**2 - 3*i - 2. Let l be m(5). What is the units digit of f/l - 3/(-2)?
8
Let x(q) = -2*q**2 - 28 - q**3 - q + 57 - 28. Let g be x(-2). Suppose -211 = -g*o - 4*b - 24, 0 = o + 5*b - 44. What is the tens digit of o?
6
What is the hundreds digit of 382/(-573)*(-185526)/4?
9
What is the hundreds digit of ((-24)/40)/(1/5)*(-3 - 3100)?
3
Let j(c) = 66*c**2 - 4*c - 106. What is the ten thousands digit of j(27)?
4
Let m(b) = -6*b**3 - 6*b**3 + 16*b**3 - 10*b**2 + 2*b + 9 - 3*b**3. Let i be m(11). Let v = i - 54. What is the tens digit of v?
9
Let s = -596 - -710. Suppose 4*t + s = -4*v + 1794, -v = 3*t - 430. What is the hundreds digit of v?
4
Let u = 17131 + 5957. What is the hundreds digit of u?
0
Let s be (19 - 2) + (-1)/(-9)*-9. Let f(h) = h**3 + 4*h**2 + 5*h + 5. Let d be f(-4). Let x = d + s. What is the units digit of x?
1
Suppose 4585385 - 1188815 = 129*y. What is the tens digit of y?
3
What is the units digit of (5 - 57/9)/((-